se 9) to base 8
2022
Convert -2117 (base 8) to base 11.
-913
Convert -324232 (base 5) to base 9.
-16315
Convert -101001100010 (base 2) to base 6.
-20150
What is 17a3a (base 13) in base 16?
b26f
What is -5745 (base 8) in base 10?
-3045
What is 2232012 (base 4) in base 10?
11142
What is 3550 (base 8) in base 6?
12440
-1116 (base 16) to base 10
-4374
Convert 1011001010000 (base 2) to base 7.
22440
What is -202202 (base 3) in base 10?
-560
What is -10010011000010 (base 2) in base 5?
-300120
-11201220 (base 3) to base 13
-1758
-3b36 (base 13) to base 11
-6423
Convert -3790 (base 12) to base 15.
-1d00
Convert -241 (base 13) to base 16.
-187
What is -346 (base 12) in base 9?
-600
-35033 (base 6) to base 2
-1001101111101
Convert -2fa9 (base 16) to base 10.
-12201
Convert 3331 (base 7) to base 9.
1571
Convert 17327 (base 9) to base 13.
557b
Convert 3 (base 6) to base 12.
3
-2685 (base 13) to base 10
-5517
11110101 (base 2) to base 10
245
Convert 10100201 (base 3) to base 11.
1927
What is -d62 (base 14) in base 8?
-5112
What is 11010001111100 (base 2) in base 12?
7938
-61d1 (base 14) to base 9
-25084
What is -a89 (base 11) in base 16?
-51b
-13125 (base 6) to base 8
-3715
-1111100 (base 3) to base 5
-13324
1514 (base 6) to base 15
1c1
Convert 84 (base 9) to base 14.
56
What is 770 (base 14) in base 6?
10450
101110111101011 (base 2) to base 9
35874
What is -10010110001 (base 2) in base 9?
-1574
-12002 (base 6) to base 13
-a31
What is -13252 (base 7) in base 5?
-103230
5aa (base 14) to base 13
68c
Convert b90 (base 15) to base 13.
125a
-d55b (base 15) to base 5
-2420321
Convert -36102 (base 8) to base 16.
-3c42
What is 21b2 (base 16) in base 10?
8626
What is -1044132 (base 5) in base 2?
-100100011101011
What is -38d6 (base 14) in base 3?
-111200221
111111010100010 (base 2) to base 16
7ea2
Convert 4128 (base 14) to base 6.
123520
What is -25 (base 11) in base 9?
-30
What is -3021 (base 6) in base 3?
-220111
Convert 1d (base 15) to base 2.
11100
What is -3241401 (base 5) in base 2?
-1101101000101011
Convert 4305 (base 7) to base 6.
11020
Convert -10212 (base 8) to base 14.
-1786
-4f2d (base 16) to base 13
-92c2
What is -156 (base 15) in base 8?
-462
What is 121101 (base 4) in base 15?
72c
Convert -313324 (base 5) to base 2.
-10100011100000
What is 151311 (base 7) in base 4?
13021332
What is 4030 (base 8) in base 13?
c35
Convert -74b (base 14) to base 2.
-10110011111
What is 53b (base 15) in base 3?
1121202
What is -3be6 (base 15) in base 10?
-12816
2c2c (base 14) to base 13
3782
What is 10155 (base 6) in base 16?
557
692d (base 15) to base 7
122032
-556 (base 16) to base 11
-1032
What is 737 (base 9) in base 11?
4a7
Convert 111120 (base 6) to base 3.
110210210
-33334 (base 5) to base 9
-3184
What is 124133 (base 5) in base 12?
2a1a
Convert 3a0 (base 15) to base 7.
2256
Convert 316303 (base 7) to base 6.
1102434
Convert -10012 (base 6) to base 5.
-20204
153243 (base 6) to base 13
6aa1
What is 1c2c (base 14) in base 9?
7036
Convert 685 (base 10) to base 16.
2ad
904 (base 14) to base 12
1034
Convert -65 (base 11) to base 16.
-47
20616 (base 9) to base 14
4d71
Convert -c8a (base 13) to base 12.
-12a6
-1001111010 (base 2) to base 14
-334
What is 121213 (base 4) in base 14?
851
What is 3230 (base 5) in base 13?
27b
What is -211341 (base 6) in base 15?
-5167
-3dd (base 16) to base 7
-2612
-778 (base 9) to base 6
-2542
68a (base 16) to base 11
1292
What is -41750 (base 12) in base 8?
-247354
What is -905 (base 15) in base 7?
-5630
What is 53030 (base 6) in base 11?
5407
What is -232 (base 16) in base 10?
-562
163 (base 7) to base 14
6a
-10511 (base 6) to base 12
-a37
What is -335 (base 11) in base 12?
-295
1ba (base 16) to base 15
1e7
What is 6562 (base 10) in base 2?
1100110100010
What is 1546 (base 11) in base 7?
5535
Convert -223111 (base 5) to base 10.
-7906
f95c (base 16) to base 3
10020120022
What is -203110 (base 4) in base 12?
-1384
What is -2342 (base 9) in base 3?
-2101102
4573 (base 9) to base 4
310323
What is 254c (base 15) in base 12?
4723
What is -193d (base 15) in base 4?
-1111102
Convert -24532 (base 8) to base 3.
-112112002
What is 21648 (base 9) in base 12?
83a5
Convert 444000 (base 6) to base 13.
13bab
204 (base 15) to base 5
3304
What is 523 (base 15) in base 6?
5210
-21031 (base 4) to base 7
-1501
5371 (base 10) to base 3
21100221
Convert 1011000 (base 2) to base 14.
64
-100010111001110 (base 2) to base 5
-1032440
-146 (base 16) to base 3
-110002
What is 1ab5 (base 16) in base 13?
315c
14345 (base 9) to base 6
113105
What is -15 (base 16) in base 9?
-23
What is -1010110 (base 2) in base 15?
-5b
-120200200 (base 3) to base 4
-2302233
-28c7 (base 16) to base 4
-2203013
211 (base 3) to base 15
17
What is -d43 (base 14) in base 3?
-10120120
-100111011 (base 2) to base 5
-2230
17145 (base 12) to base 14
c073
Convert 11110010000 (base 2) to base 15.
891
1100 (base 3) to base 14
28
1540 (base 8) to base 14
45a
Convert 310333 (base 4) to base 2.
110100111111
Convert 2002 (base 3) to base 4.
320
Convert 408 (base 9) to base 13.
1c7
What is 100010010 (base 2) in base 3?
101011
Convert 4c3c (base 13) to base 7.
43453
What is -1023344 (base 5) in base 10?
-17349
What is 94a4 (base 12) in base 9?
24257
-20201101 (base 4) to base 14
-ca09
Convert -3a9 (base 14) to base 15.
-342
-101001101110 (base 2) to base 9
-3586
Convert 1071 (base 14) to base 6.
21055
Convert -10110111011100 (base 2) to base 16.
-2ddc
1335 (base 6) to base 8
533
Convert 13311 (base 4) to base 12.
359
Convert -7cd (base 14) to base 8.
-3021
22e (base 15) to base 3
200022
What is 110010101 (base 2) in base 13?
252
Convert -11320 (base 8) to base 10.
-4816
-501 (base 13) to base 6
-3530
-10100201 (base 3) to base 9
-3321
1d4 (base 14) to base 4
11332
Convert 12d02 (base 14) to base 5.
2441304
What is 593 (base 12) in base 15?
3a6
What is 1121211111 (base 3) in base 2?
111110011010010
What is -362 (base 9) in base 4?
-10223
2112100212 (base 3) to base 11
34498
4659 (base 12) to base 9
11676
Convert 35530 (base 6) to base 3.
21002100
-aec (base 16) to base 10
-2796
10000101111011 (base 2) to base 16
217b
101001010010 (base 2) to base 4
221102
-3011331 (base 4) to base 8
-30575
Convert 10545 (base 7) to base 14.
d95
What is -11210 (base 3) in base 10?
-129
Convert -1011 (base 6) to base 3.
-22021
What is -12674 (base 8) in base 7?
-22136
What is 4f5 (base 16) in base 15?
599
-b715 (base 12) to base 11
-14062
Convert 1012200 (base 3) to base 7.
2400
What is -1417c (base 13) in base 15?
-b231
Convert -630 (base 9) to base 2.
-1000000001
Convert -1363 (base 10) to base 14.
-6d5
8383 (base 16) to base 6
415511
What is -16986 (base 12) in base 9?
-48523
Convert -1141 (base 7) to base 10.
-421
446b (base 12) to base 2
1110110010011
-11 (base 12) to base 14
-d
Convert -121014 (base 5) to base 11.
-342a
What is 4c98 (base 13) in base 4?
2222331
-14034 (base 6) to base 8
-4206
-174 (base 11) to base 10
-202
What is -1001110100101010 (base 2) in base 3?
-2001012011
Convert -1004121 (base 5) to base 4.
-3330201
18b8 (base 15) to base 3
21100002
What is 1474 (base 8) in base 7?
2262
Convert 10d4 (base 15) to base 7.
13264
Convert -274e (base 16) to base 14.
-394a
Convert -8025 (base 12) to base 3.
-201000002
-112554 (base 8) to base 15
-b502
462 (base 14) to base 4
31212
What is 1014 (base 7) in base 15?
189
What is 112352 (base 6) in base 2?
10010110101100
Convert 1cae (base 15) to base 5.
144424
-293 (base 13) to base 10
-458
-58 (base 14) to base 16
-4e
What is -265 (base 7) in base 16?
-91
11010110000 (base 2) to base 4
122300
3114 (base 6) to base 4
22312
What is -272 (base 11) in base 14?
-18d
-16c (base 14) to base 4
-10210
What is -530 (base 11) in base 3?
-212122
-10021020 (base 3) to base 10
-2382
Convert 21c1 (base 15) to base 8.
15764
What is -1010011111011 (base 2) in base 9?
-7327
Convert 22022 (base 3) to base 15.
ee
What is -3b66 (base 15) in base 3?
-122102020
-6657 (base 12) to base 13
-51b2
1225 (base 6) to base 12
215
2312 (base 11) to base 8
5736
What is 4648 (base 10) in base 4?
1020220
749 (base 10) to base 3
1000202
Convert -425122 (base 6) to base 13.
-12b0c
Convert 64057 (base 10) to base 4.
33220321
Convert 13286 (base 10) to base 7.
53510
450 (base 6) to base 16
ae
What is 